*c + 5*q + 7. Suppose 1848 = -c*n + 13*n. What is the greatest common factor of 33 and n?
33
Let h = 95 - 96. Suppose 0 = -8*t + 2*t + 42. Let z = t - h. What is the greatest common factor of z and 8?
8
Let f = -93 - -98. Suppose 5*x + 4*t = -t + 100, -f*x + 95 = 4*t. Let c be x/(-4)*3*(-8)/9. Calculate the greatest common factor of c and 40.
10
Suppose -4*p + 600 = 5*i, 3*i + 5*p = 341 + 19. Let z be (30/(-4))/((-1)/2). Suppose -z + 39 = y. Calculate the highest common factor of i and y.
24
Let q(j) = 11*j**2 - 3*j + 1. Let d be q(2). Let t = -6995 + 7190. What is the greatest common divisor of d and t?
39
Let i = 1716 - 713. Calculate the greatest common factor of 944 and i.
59
Let m(r) = -7 - 28 + 13 - 35*r. Let k be m(-1). What is the greatest common factor of 3 and k?
1
Suppose -65*h + 33*h + 3885 = -27*h. What is the highest common divisor of h and 888?
111
Let t(s) = 65*s + 1070. Let c be t(-13). What is the highest common divisor of 1449 and c?
9
Let i be -19 - -22 - (2 - 119). Suppose -2*h - i + 718 = 4*t, 4*h + 780 = 5*t. What is the greatest common factor of t and 38?
38
Let m be (-2405)/(-9) - (-56)/(-252). Suppose -483 - m = -10*l. Let p(k) = -4*k + 6. Let z be p(-6). Calculate the greatest common factor of l and z.
15
Let k(z) = z**3 - 12*z**2 - 30*z + 530. Let b be k(12). What is the highest common factor of b and 190?
10
Suppose 7*b - 5973 = -3*b + 4097. Calculate the highest common factor of 106 and b.
53
Suppose 5*t + 0*d - 6 = 4*d, 0 = -4*t + 2*d + 6. Let p be ((-3 - 4/(-20)) + t)*-275. Calculate the highest common factor of 60 and p.
20
Suppose -29*r = -26*r + 90. Let w be 831 - (-25)/r*6. What is the highest common factor of w and 14?
14
Let o(g) = g**3 + 5*g**2 + g + 7. Let z be o(-5). Let p be -2*(2 - 29/z). Let q = 16550 - 16545. Calculate the greatest common factor of p and q.
5
Let q(x) = 7*x**3 + 8*x**2 + 4*x - 12. Let u be q(-5). Let y = u + 815. Calculate the highest common factor of 54 and y.
54
Let h(r) = r**3 + 4*r**2 + r - 1. Let u be h(-2). Let k(o) = -11*o + 98. Let w be k(u). Calculate the highest common divisor of w and 43.
43
Let n = 816 + -690. Calculate the highest common factor of 3066 and n.
42
Suppose -7*q + 332 + 46 = 0. Suppose 3*y - 999 = -q. What is the highest common divisor of y and 45?
45
Let t be (-4)/(-12)*3 - -38. Suppose 5*d = 2*x + 28 + 30, 3*x = -3*d + t. What is the highest common factor of 84 and d?
12
Let p be 200/(1 + (-4)/3 + 45/54). Calculate the greatest common divisor of p and 1280.
80
Suppose 0 = 4*p + 4*j - 51164, j = -0*p - 5*p + 63943. What is the greatest common factor of p and 92?
92
Let j = -306 + 2756. Let f be (j/125)/((-1)/(-5)). What is the greatest common divisor of f and 28?
14
Suppose 5 - 2 = -3*o, -j + 374 = 4*o. What is the greatest common divisor of 162 and j?
54
Let u = -144 - -157. Let r(c) = 6*c**2 + 14*c + 11. Let t be r(u). What is the highest common factor of 71 and t?
71
Suppose 0 = -5*g + 2*t - 322, 257 = -4*g - 0*g + t. Let o = g + 64. Suppose 34 = m - 5*u, u = -4*m - o*m + 178. What is the highest common divisor of m and 110?
22
Let d be (-12)/21*-14*1. Let l be 5/((3/20)/(6/d)). Let f(w) = 5*w**2 + 2*w + 8. Let y be f(6). What is the greatest common factor of l and y?
25
Suppose -5*c = -31 + 21. Suppose c*z - 55 - 91 = -3*b, -5*z + 365 = 4*b. Let m = 75 - z. What is the greatest common factor of 4 and m?
2
Suppose 0 = h - 5*s - 18 + 168, -3*s + 651 = -4*h. Let v be -257*(2 - 3) + h/33. Calculate the greatest common divisor of 108 and v.
36
Let j be 0 - 3/((-3)/58). Let i be 4 - ((-233)/1 - ((-12)/2 + 1)). What is the greatest common divisor of i and j?
58
Suppose q - 362 = 2*a, -3*q = -5*q + 3*a + 719. Calculate the highest common factor of 748 and q.
44
Suppose 2*z - 5*z - 114 = 5*k, 5*z + 2*k + 171 = 0. Let w = 89 - z. Suppose 3*a - 121 = w. Calculate the greatest common divisor of 18 and a.
9
Suppose -43*n + 192 = 24*n - 76. Calculate the highest common factor of n and 786.
2
Let m(i) = 6*i + 3. Let u be m(8). Let l be ((77976/285)/57)/((-1)/(-170)). Calculate the highest common factor of u and l.
51
Suppose -5*j + 21 = -2*j. Suppose 12*i - j*i + 5 = 0. Let r be (-51)/(-4) - 24/32 - i. Calculate the highest common factor of 299 and r.
13
Let l = -427 - -463. Suppose 290 = l*j - 7*j. Let y = 21 + -11. What is the greatest common divisor of j and y?
10
Let f be ((-4104)/(-168) - 27/63)/(2/6). Calculate the highest common factor of 872 and f.
8
Suppose -4*n = -29180 - 9572. Calculate the highest common factor of n and 519.
173
Suppose -3*i + 5132 = 3*s - 8092, 0 = -i - 2*s + 4414. What is the greatest common divisor of i and 2?
2
Let a(l) = l**3 - 63*l**2 - 15*l + 1059. Let r be a(63). Calculate the greatest common factor of r and 7638.
114
Let c be -2*3 + (71 + 9)*(-3)/(-6). Let p(q) = -24*q - 8. Let a be p(-6). Calculate the highest common factor of c and a.
34
Suppose 413 = 2*t + 3*u, u - 627 = -3*t + 4*u. Suppose 0 = 3*z - 6, -z - 3*z + t = r. What is the highest common divisor of 80 and r?
40
Suppose -61*z - 198 = -62*z. Suppose f - 2*p = -0*p + 101, 3*p + z = 2*f. Let i = f - 68. What is the greatest common factor of i and 25?
25
Suppose 1801 = 6*c + 175. Suppose -c = -8*z + 89. Calculate the greatest common factor of z and 6.
3
Let i = -399 - -416. Calculate the highest common divisor of i and 1377.
17
Let w be ((-58308)/(-27) + 4/(-18))/(6/9). What is the highest common factor of 79 and w?
79
Suppose 5*h + 47 = 2*n, -4*n + 45 = -3*h - 14. Suppose n*v - 187 + 0 = 0. What is the highest common divisor of v and 901?
17
Let j(p) = 580*p + 934. Let k be j(6). Calculate the highest common divisor of 2 and k.
2
Let y(u) = -58*u**3 - 2*u**2 - 4*u - 7. Let t be y(3). Let g = t - -2331. Suppose 5*o = 19*o - g. What is the highest common divisor of o and 39?
13
Let a be (15/3)/((-10)/(-6650)). Suppose -22*x = -3*x - a. Calculate the highest common factor of x and 25.
25
Let h = -16 - -18. Let w be h - (-7 + 4 - (0 + 8)). Suppose -20*b = -21*b + w. Calculate the highest common divisor of b and 117.
13
Let u = -121 - -125. Suppose -f + u*b + 210 + 86 = 0, 0 = f + 4*b - 320. What is the greatest common divisor of f and 88?
44
Let t = 138 + -96. Suppose 208 = 9*n + 46. What is the greatest common divisor of n and t?
6
Let x(o) = 9*o. Let q be x(3). Let g = -215 + 251. Suppose -107*t + 105*t = -g. Calculate the highest common factor of t and q.
9
Let s(n) = 9*n**2 - n - 4. Let w be s(-2). Suppose 2*a + 34 - w = 0. Let c be 0 - (a + -3) - -19. What is the highest common divisor of c and 198?
22
Let o be -16 + 174 + (1 - 4). Let n(q) be the third derivative of q**4/2 - 5*q**3/6 - 21*q**2. Let s be n(3). What is the greatest common factor of o and s?
31
Let p(c) = 2*c. Let b be p(-2). Let q be (-6)/16*b*-4. Let v be -6*9/q + (1 - 0). What is the greatest common factor of v and 15?
5
Suppose -84*x + 88*x - 64 = 0. Let t be ((-48)/(-16))/((-6)/16). Let h = t - -32. What is the greatest common factor of x and h?
8
Let l be (-3 + 7)/((-3 - -9)/3). Let k be 3*(-274)/(-6) + (-2)/l. Calculate the highest common divisor of 34 and k.
34
Suppose 12*p + 35*p - 109807 - 100424 = 0. What is the greatest common factor of 63 and p?
63
Let m(r) = 4*r**2 - 31*r - 435. Let i be m(-9). What is the greatest common factor of i and 1272?
24
Let x(n) = -11*n + 216. Let m be x(-2). Calculate the highest common factor of 510 and m.
34
Let n(b) = -b**3 - 5*b - 6. Let o be n(-4). Suppose 422 = f + 4*r, 3*f + 1114 = 2*r + 2268. Calculate the greatest common factor of f and o.
78
Suppose 3*p - 76 + 64 = -4*x, 0 = p + p + 16. Let t(a) = a - 4. Let l be t(5). Calculate the greatest common factor of x and l.
1
Let h be (-4 - 57/(-12))*(1 + 375). Suppose -s - s - n + h = 0, -2*s - 5*n = -290. What is the greatest common factor of 84 and s?
28
Let y = 1735 - 864. Suppose -d + 247 = -y. Calculate the highest common divisor of 26 and d.
26
Let b be 23/((-46)/(-20)) - -112. What is the highest common factor of b and 1098?
122
Suppose 3*s = -0*s + 81. Let z be (81/(-18))/((-24)/1296). Calculate the greatest common factor of s and z.
27
Suppose 0 = -f - 6 + 51. Let u(m) = -1521*m - 117087. Let v be u(-77). What is the greatest common factor of f and v?
15
Let x be ((-4284)/(-105))/(1/5). Let q = x